{"id":23,"date":"2012-01-24T23:25:57","date_gmt":"2012-01-24T23:25:57","guid":{"rendered":"http:\/\/www.misssantacatarinaoficial.com.br\/portal\/?page_id=23"},"modified":"2025-01-23T15:19:15","modified_gmt":"2025-01-23T15:19:15","slug":"home","status":"publish","type":"page","link":"https:\/\/www.misssantacatarinaoficial.com.br\/portal\/","title":{"rendered":"Home"},"content":{"rendered":"<p><img loading=\"lazy\" decoding=\"async\" class=\"aligncenter size-large wp-image-31906\" src=\"https:\/\/www.misssantacatarinaoficial.com.br\/portal\/wp-content\/uploads\/mgb-2025-thais-458x610.jpeg\" alt=\"\" width=\"458\" height=\"610\" srcset=\"https:\/\/www.misssantacatarinaoficial.com.br\/portal\/wp-content\/uploads\/mgb-2025-thais-458x610.jpeg 458w, https:\/\/www.misssantacatarinaoficial.com.br\/portal\/wp-content\/uploads\/mgb-2025-thais-225x300.jpeg 225w, https:\/\/www.misssantacatarinaoficial.com.br\/portal\/wp-content\/uploads\/mgb-2025-thais-768x1024.jpeg 768w, https:\/\/www.misssantacatarinaoficial.com.br\/portal\/wp-content\/uploads\/mgb-2025-thais-450x600.jpeg 450w, https:\/\/www.misssantacatarinaoficial.com.br\/portal\/wp-content\/uploads\/mgb-2025-thais.jpeg 960w\" sizes=\"auto, (max-width: 458px) 100vw, 458px\" \/><\/p>\n<p>A nova Miss Grand Santa Catarina 2025! \u2728<\/p>\n<p>\u00c9 com grande alegria que apresentamos Tha\u00eds de Souza Bonatti\u00a0<a class=\"x1i10hfl xjbqb8w x1ejq31n xd10rxx x1sy0etr x17r0tee x972fbf xcfux6l x1qhh985 xm0m39n x9f619 x1ypdohk xt0psk2 xe8uvvx xdj266r x11i5rnm xat24cr x1mh8g0r xexx8yu x4uap5 x18d9i69 xkhd6sd x16tdsg8 x1hl2dhg xggy1nq x1a2a7pz notranslate _a6hd\" tabindex=\"0\" role=\"link\" href=\"https:\/\/www.instagram.com\/thaisbonaatti\/\">@thaisbonaatti<\/a>\u00a0, a Miss Grand Santa Catarina 2025! Tha\u00eds tem 27 anos, mede 1,76 m, possui cabelos loiros, olhos verdes e medidas de 90 cm de busto, 60 cm de cintura e 90 cm de quadril.<\/p>\n<p>Natural de Blumenau, Santa Catarina, Tha\u00eds \u00e9 modelo internacional e est\u00e1 no \u00faltimo semestre do curso de Direito. Nos momentos livres, ela ama ir \u00e0 praia, ler, dan\u00e7ar e dedicar seu tempo ao seu fiel companheiro, seu cachorro.<\/p>\n<p>Tha\u00eds ser\u00e1 coroada em breve como a representante oficial de Santa Catarina no Miss Grand Brasil 2025, sendo a primeira candidata oficial coroada para a competi\u00e7\u00e3o nacional.<\/p>\n<p>Estamos confiantes de que ela levar\u00e1 toda a eleg\u00e2ncia, carisma e determina\u00e7\u00e3o catarinense para os palcos nacionais!<\/p>\n<p>\ud83d\udc51Coordena\u00e7\u00e3o:\u00a0<a class=\"x1i10hfl xjbqb8w x1ejq31n xd10rxx x1sy0etr x17r0tee x972fbf xcfux6l x1qhh985 xm0m39n x9f619 x1ypdohk xt0psk2 xe8uvvx xdj266r x11i5rnm xat24cr x1mh8g0r xexx8yu x4uap5 x18d9i69 xkhd6sd x16tdsg8 x1hl2dhg xggy1nq x1a2a7pz notranslate _a6hd\" tabindex=\"0\" role=\"link\" href=\"https:\/\/www.instagram.com\/tuliovivavida\/\">@tuliovivavida<\/a><\/p>\n<p>\ud83c\udf1f Miss Grand Brasil 2025 \u2013 Sinta o Brasil<br \/><a class=\"x1i10hfl xjbqb8w x1ejq31n xd10rxx x1sy0etr x17r0tee x972fbf xcfux6l x1qhh985 xm0m39n x9f619 x1ypdohk xt0psk2 xe8uvvx xdj266r x11i5rnm xat24cr x1mh8g0r xexx8yu x4uap5 x18d9i69 xkhd6sd x16tdsg8 x1hl2dhg xggy1nq x1a2a7pz  _aa9_ _a6hd\" tabindex=\"0\" role=\"link\" href=\"https:\/\/www.instagram.com\/explore\/tags\/missgrandbrasil\/\">#MissGrandBrasil<\/a>\u00a0<a class=\"x1i10hfl xjbqb8w x1ejq31n xd10rxx x1sy0etr x17r0tee x972fbf xcfux6l x1qhh985 xm0m39n x9f619 x1ypdohk xt0psk2 xe8uvvx xdj266r x11i5rnm xat24cr x1mh8g0r xexx8yu x4uap5 x18d9i69 xkhd6sd x16tdsg8 x1hl2dhg xggy1nq x1a2a7pz  _aa9_ _a6hd\" tabindex=\"0\" role=\"link\" href=\"https:\/\/www.instagram.com\/explore\/tags\/missgrandsantacatarina2025\/\">#MissGrandSantaCatarina2025<\/a>\u00a0<a class=\"x1i10hfl xjbqb8w x1ejq31n xd10rxx x1sy0etr x17r0tee x972fbf xcfux6l x1qhh985 xm0m39n x9f619 x1ypdohk xt0psk2 xe8uvvx xdj266r x11i5rnm xat24cr x1mh8g0r xexx8yu x4uap5 x18d9i69 xkhd6sd x16tdsg8 x1hl2dhg xggy1nq x1a2a7pz  _aa9_ _a6hd\" tabindex=\"0\" role=\"link\" href=\"https:\/\/www.instagram.com\/explore\/tags\/missbrasil2025\/\">#missbrasil2025<\/a>\u00a0<a class=\"x1i10hfl xjbqb8w x1ejq31n xd10rxx x1sy0etr x17r0tee x972fbf xcfux6l x1qhh985 xm0m39n x9f619 x1ypdohk xt0psk2 xe8uvvx xdj266r x11i5rnm xat24cr x1mh8g0r xexx8yu x4uap5 x18d9i69 xkhd6sd x16tdsg8 x1hl2dhg xggy1nq x1a2a7pz  _aa9_ _a6hd\" tabindex=\"0\" role=\"link\" href=\"https:\/\/www.instagram.com\/explore\/tags\/beleza\/\">#beleza<\/a>\u00a0<a class=\"x1i10hfl xjbqb8w x1ejq31n xd10rxx x1sy0etr x17r0tee x972fbf xcfux6l x1qhh985 xm0m39n x9f619 x1ypdohk xt0psk2 xe8uvvx xdj266r x11i5rnm xat24cr x1mh8g0r xexx8yu x4uap5 x18d9i69 xkhd6sd x16tdsg8 x1hl2dhg xggy1nq x1a2a7pz  _aa9_ _a6hd\" tabindex=\"0\" role=\"link\" href=\"https:\/\/www.instagram.com\/explore\/tags\/concursodemiss\/\">#concursodemiss<\/a>\u00a0<a class=\"x1i10hfl xjbqb8w x1ejq31n xd10rxx x1sy0etr x17r0tee x972fbf xcfux6l x1qhh985 xm0m39n x9f619 x1ypdohk xt0psk2 xe8uvvx xdj266r x11i5rnm xat24cr x1mh8g0r xexx8yu x4uap5 x18d9i69 xkhd6sd x16tdsg8 x1hl2dhg xggy1nq x1a2a7pz  _aa9_ _a6hd\" tabindex=\"0\" role=\"link\" href=\"https:\/\/www.instagram.com\/explore\/tags\/misssantacatarina\/\">#misssantacatarina<\/a>\u00a0<a class=\"x1i10hfl xjbqb8w x1ejq31n xd10rxx x1sy0etr x17r0tee x972fbf xcfux6l x1qhh985 xm0m39n x9f619 x1ypdohk xt0psk2 xe8uvvx xdj266r x11i5rnm xat24cr x1mh8g0r xexx8yu x4uap5 x18d9i69 xkhd6sd x16tdsg8 x1hl2dhg xggy1nq x1a2a7pz  _aa9_ _a6hd\" tabindex=\"0\" role=\"link\" href=\"https:\/\/www.instagram.com\/explore\/tags\/missbrasil\/\">#missbrasil<\/a>\u00a0<a class=\"x1i10hfl xjbqb8w x1ejq31n xd10rxx x1sy0etr x17r0tee x972fbf xcfux6l x1qhh985 xm0m39n x9f619 x1ypdohk xt0psk2 xe8uvvx xdj266r x11i5rnm xat24cr x1mh8g0r xexx8yu x4uap5 x18d9i69 xkhd6sd x16tdsg8 x1hl2dhg xggy1nq x1a2a7pz  _aa9_ _a6hd\" tabindex=\"0\" role=\"link\" href=\"https:\/\/www.instagram.com\/explore\/tags\/entretenimento\/\">#entretenimento<\/a><\/p>\n","protected":false},"excerpt":{"rendered":"<p>A nova Miss Grand Santa Catarina 2025! \u2728 \u00c9 com grande alegria que apresentamos Tha\u00eds<\/p>\n","protected":false},"author":1,"featured_media":0,"parent":0,"menu_order":0,"comment_status":"closed","ping_status":"open","template":"","meta":{"footnotes":""},"class_list":["post-23","page","type-page","status-publish","hentry"],"_links":{"self":[{"href":"https:\/\/www.misssantacatarinaoficial.com.br\/portal\/wp-json\/wp\/v2\/pages\/23","targetHints":{"allow":["GET"]}}],"collection":[{"href":"https:\/\/www.misssantacatarinaoficial.com.br\/portal\/wp-json\/wp\/v2\/pages"}],"about":[{"href":"https:\/\/www.misssantacatarinaoficial.com.br\/portal\/wp-json\/wp\/v2\/types\/page"}],"author":[{"embeddable":true,"href":"https:\/\/www.misssantacatarinaoficial.com.br\/portal\/wp-json\/wp\/v2\/users\/1"}],"replies":[{"embeddable":true,"href":"https:\/\/www.misssantacatarinaoficial.com.br\/portal\/wp-json\/wp\/v2\/comments?post=23"}],"version-history":[{"count":260,"href":"https:\/\/www.misssantacatarinaoficial.com.br\/portal\/wp-json\/wp\/v2\/pages\/23\/revisions"}],"predecessor-version":[{"id":31907,"href":"https:\/\/www.misssantacatarinaoficial.com.br\/portal\/wp-json\/wp\/v2\/pages\/23\/revisions\/31907"}],"wp:attachment":[{"href":"https:\/\/www.misssantacatarinaoficial.com.br\/portal\/wp-json\/wp\/v2\/media?parent=23"}],"curies":[{"name":"wp","href":"https:\/\/api.w.org\/{rel}","templated":true}]}}