{"id":31,"date":"2012-01-24T23:36:18","date_gmt":"2012-01-24T23:36:18","guid":{"rendered":"http:\/\/www.misssantacatarinaoficial.com.br\/portal\/?page_id=31"},"modified":"2014-02-19T21:48:19","modified_gmt":"2014-02-19T21:48:19","slug":"patrocinadores-2013","status":"publish","type":"page","link":"https:\/\/www.misssantacatarinaoficial.com.br\/portal\/patrocinadores-2013\/","title":{"rendered":"Patrocinadores 2013"},"content":{"rendered":"<h1>Patrocinadores &amp; Apoiadores<\/h1>\n<h4>CONHE\u00c7A OS PATROCINADORES E APOIADORES DA EDI\u00c7\u00c3O 2013 DA MISS UNIVERSO SANTA CATARINA<\/h4>\n<h2>PATROCINADORES<\/h2>\n<p><div id='gallery-1' class='gallery galleryid-31 gallery-columns-3 gallery-size-thumbnail'><figure class='gallery-item'>\n\t\t\t<div class='gallery-icon landscape'>\n\t\t\t\t<a href='https:\/\/www.misssantacatarinaoficial.com.br\/portal\/patrocinadores-2013\/attachment\/26\/'><img loading=\"lazy\" decoding=\"async\" width=\"135\" height=\"135\" src=\"https:\/\/www.misssantacatarinaoficial.com.br\/portal\/wp-content\/uploads\/26.png\" class=\"attachment-thumbnail size-thumbnail\" alt=\"\" \/><\/a>\n\t\t\t<\/div><\/figure><figure class='gallery-item'>\n\t\t\t<div class='gallery-icon landscape'>\n\t\t\t\t<a href='https:\/\/www.misssantacatarinaoficial.com.br\/portal\/patrocinadores-2013\/attachment\/15\/'><img loading=\"lazy\" decoding=\"async\" width=\"135\" height=\"135\" src=\"https:\/\/www.misssantacatarinaoficial.com.br\/portal\/wp-content\/uploads\/15.png\" class=\"attachment-thumbnail size-thumbnail\" alt=\"\" \/><\/a>\n\t\t\t<\/div><\/figure><figure class='gallery-item'>\n\t\t\t<div class='gallery-icon landscape'>\n\t\t\t\t<a href='https:\/\/www.misssantacatarinaoficial.com.br\/portal\/patrocinadores-2013\/attachment\/03\/'><img loading=\"lazy\" decoding=\"async\" width=\"135\" height=\"135\" src=\"https:\/\/www.misssantacatarinaoficial.com.br\/portal\/wp-content\/uploads\/03.png\" class=\"attachment-thumbnail size-thumbnail\" alt=\"\" \/><\/a>\n\t\t\t<\/div><\/figure><figure class='gallery-item'>\n\t\t\t<div class='gallery-icon landscape'>\n\t\t\t\t<a href='https:\/\/www.misssantacatarinaoficial.com.br\/portal\/patrocinadores-2013\/attachment\/30\/'><img loading=\"lazy\" decoding=\"async\" width=\"135\" height=\"135\" src=\"https:\/\/www.misssantacatarinaoficial.com.br\/portal\/wp-content\/uploads\/30.png\" class=\"attachment-thumbnail size-thumbnail\" alt=\"\" \/><\/a>\n\t\t\t<\/div><\/figure><figure class='gallery-item'>\n\t\t\t<div class='gallery-icon landscape'>\n\t\t\t\t<a href='https:\/\/www.misssantacatarinaoficial.com.br\/portal\/patrocinadores-2013\/attachment\/16\/'><img loading=\"lazy\" decoding=\"async\" width=\"135\" height=\"135\" src=\"https:\/\/www.misssantacatarinaoficial.com.br\/portal\/wp-content\/uploads\/16.png\" class=\"attachment-thumbnail size-thumbnail\" alt=\"\" \/><\/a>\n\t\t\t<\/div><\/figure><figure class='gallery-item'>\n\t\t\t<div class='gallery-icon landscape'>\n\t\t\t\t<a href='https:\/\/www.misssantacatarinaoficial.com.br\/portal\/patrocinadores-2013\/attachment\/06\/'><img loading=\"lazy\" decoding=\"async\" width=\"135\" height=\"135\" src=\"https:\/\/www.misssantacatarinaoficial.com.br\/portal\/wp-content\/uploads\/06.png\" class=\"attachment-thumbnail size-thumbnail\" alt=\"\" \/><\/a>\n\t\t\t<\/div><\/figure><figure class='gallery-item'>\n\t\t\t<div class='gallery-icon landscape'>\n\t\t\t\t<a href='https:\/\/www.misssantacatarinaoficial.com.br\/portal\/patrocinadores-2013\/attachment\/08\/'><img loading=\"lazy\" decoding=\"async\" width=\"135\" height=\"135\" src=\"https:\/\/www.misssantacatarinaoficial.com.br\/portal\/wp-content\/uploads\/08.png\" class=\"attachment-thumbnail size-thumbnail\" alt=\"\" \/><\/a>\n\t\t\t<\/div><\/figure><figure class='gallery-item'>\n\t\t\t<div class='gallery-icon landscape'>\n\t\t\t\t<a href='https:\/\/www.misssantacatarinaoficial.com.br\/portal\/patrocinadores-2013\/20-2\/'><img loading=\"lazy\" decoding=\"async\" width=\"135\" height=\"135\" src=\"https:\/\/www.misssantacatarinaoficial.com.br\/portal\/wp-content\/uploads\/201.png\" class=\"attachment-thumbnail size-thumbnail\" alt=\"\" \/><\/a>\n\t\t\t<\/div><\/figure><figure class='gallery-item'>\n\t\t\t<div class='gallery-icon landscape'>\n\t\t\t\t<a href='https:\/\/www.misssantacatarinaoficial.com.br\/portal\/patrocinadores-2013\/attachment\/05\/'><img loading=\"lazy\" decoding=\"async\" width=\"135\" height=\"135\" src=\"https:\/\/www.misssantacatarinaoficial.com.br\/portal\/wp-content\/uploads\/05.png\" class=\"attachment-thumbnail size-thumbnail\" alt=\"\" \/><\/a>\n\t\t\t<\/div><\/figure><figure class='gallery-item'>\n\t\t\t<div class='gallery-icon landscape'>\n\t\t\t\t<a href='https:\/\/www.misssantacatarinaoficial.com.br\/portal\/patrocinadores-2013\/attachment\/32\/'><img loading=\"lazy\" decoding=\"async\" width=\"135\" height=\"135\" src=\"https:\/\/www.misssantacatarinaoficial.com.br\/portal\/wp-content\/uploads\/32.png\" class=\"attachment-thumbnail size-thumbnail\" alt=\"\" \/><\/a>\n\t\t\t<\/div><\/figure><figure class='gallery-item'>\n\t\t\t<div class='gallery-icon landscape'>\n\t\t\t\t<a href='https:\/\/www.misssantacatarinaoficial.com.br\/portal\/patrocinadores-2013\/attachment\/11\/'><img loading=\"lazy\" decoding=\"async\" width=\"135\" height=\"135\" src=\"https:\/\/www.misssantacatarinaoficial.com.br\/portal\/wp-content\/uploads\/11.png\" class=\"attachment-thumbnail size-thumbnail\" alt=\"\" \/><\/a>\n\t\t\t<\/div><\/figure><figure class='gallery-item'>\n\t\t\t<div class='gallery-icon landscape'>\n\t\t\t\t<a href='https:\/\/www.misssantacatarinaoficial.com.br\/portal\/patrocinadores-2013\/attachment\/02\/'><img loading=\"lazy\" decoding=\"async\" width=\"135\" height=\"135\" src=\"https:\/\/www.misssantacatarinaoficial.com.br\/portal\/wp-content\/uploads\/02.png\" class=\"attachment-thumbnail size-thumbnail\" alt=\"\" \/><\/a>\n\t\t\t<\/div><\/figure><figure class='gallery-item'>\n\t\t\t<div class='gallery-icon landscape'>\n\t\t\t\t<a href='https:\/\/www.misssantacatarinaoficial.com.br\/portal\/patrocinadores-2013\/attachment\/22\/'><img loading=\"lazy\" decoding=\"async\" width=\"135\" height=\"135\" src=\"https:\/\/www.misssantacatarinaoficial.com.br\/portal\/wp-content\/uploads\/22.png\" class=\"attachment-thumbnail size-thumbnail\" alt=\"\" \/><\/a>\n\t\t\t<\/div><\/figure><figure class='gallery-item'>\n\t\t\t<div class='gallery-icon landscape'>\n\t\t\t\t<a href='https:\/\/www.misssantacatarinaoficial.com.br\/portal\/patrocinadores-2013\/attachment\/04\/'><img loading=\"lazy\" decoding=\"async\" width=\"135\" height=\"135\" src=\"https:\/\/www.misssantacatarinaoficial.com.br\/portal\/wp-content\/uploads\/04.png\" class=\"attachment-thumbnail size-thumbnail\" alt=\"\" \/><\/a>\n\t\t\t<\/div><\/figure><figure class='gallery-item'>\n\t\t\t<div class='gallery-icon landscape'>\n\t\t\t\t<a href='https:\/\/www.misssantacatarinaoficial.com.br\/portal\/patrocinadores-2013\/attachment\/25\/'><img loading=\"lazy\" decoding=\"async\" width=\"135\" height=\"135\" src=\"https:\/\/www.misssantacatarinaoficial.com.br\/portal\/wp-content\/uploads\/25.png\" class=\"attachment-thumbnail size-thumbnail\" alt=\"\" \/><\/a>\n\t\t\t<\/div><\/figure><figure class='gallery-item'>\n\t\t\t<div class='gallery-icon landscape'>\n\t\t\t\t<a href='https:\/\/www.misssantacatarinaoficial.com.br\/portal\/patrocinadores-2013\/attachment\/21\/'><img loading=\"lazy\" decoding=\"async\" width=\"135\" height=\"135\" src=\"https:\/\/www.misssantacatarinaoficial.com.br\/portal\/wp-content\/uploads\/21.png\" class=\"attachment-thumbnail size-thumbnail\" alt=\"\" \/><\/a>\n\t\t\t<\/div><\/figure><figure class='gallery-item'>\n\t\t\t<div class='gallery-icon landscape'>\n\t\t\t\t<a href='https:\/\/www.misssantacatarinaoficial.com.br\/portal\/patrocinadores-2013\/attachment\/07\/'><img loading=\"lazy\" decoding=\"async\" width=\"135\" height=\"135\" src=\"https:\/\/www.misssantacatarinaoficial.com.br\/portal\/wp-content\/uploads\/07.png\" class=\"attachment-thumbnail size-thumbnail\" alt=\"\" \/><\/a>\n\t\t\t<\/div><\/figure><figure class='gallery-item'>\n\t\t\t<div class='gallery-icon landscape'>\n\t\t\t\t<a href='https:\/\/www.misssantacatarinaoficial.com.br\/portal\/patrocinadores-2013\/attachment\/27\/'><img loading=\"lazy\" decoding=\"async\" width=\"135\" height=\"135\" src=\"https:\/\/www.misssantacatarinaoficial.com.br\/portal\/wp-content\/uploads\/27.png\" class=\"attachment-thumbnail size-thumbnail\" alt=\"\" \/><\/a>\n\t\t\t<\/div><\/figure><figure class='gallery-item'>\n\t\t\t<div class='gallery-icon landscape'>\n\t\t\t\t<a href='https:\/\/www.misssantacatarinaoficial.com.br\/portal\/patrocinadores-2013\/attachment\/33\/'><img loading=\"lazy\" decoding=\"async\" width=\"135\" height=\"135\" src=\"https:\/\/www.misssantacatarinaoficial.com.br\/portal\/wp-content\/uploads\/33.png\" class=\"attachment-thumbnail size-thumbnail\" alt=\"\" \/><\/a>\n\t\t\t<\/div><\/figure>\n\t\t<\/div>\n<br \/>\n[top \/]<\/p>\n<h2>APOIADORES<\/h2>\n<p><div id='gallery-2' class='gallery galleryid-31 gallery-columns-3 gallery-size-thumbnail'><figure class='gallery-item'>\n\t\t\t<div class='gallery-icon landscape'>\n\t\t\t\t<a href='https:\/\/www.misssantacatarinaoficial.com.br\/portal\/patrocinadores-2013\/attachment\/38\/'><img loading=\"lazy\" decoding=\"async\" width=\"135\" height=\"135\" src=\"https:\/\/www.misssantacatarinaoficial.com.br\/portal\/wp-content\/uploads\/38.png\" class=\"attachment-thumbnail size-thumbnail\" alt=\"\" \/><\/a>\n\t\t\t<\/div><\/figure><figure class='gallery-item'>\n\t\t\t<div class='gallery-icon landscape'>\n\t\t\t\t<a href='https:\/\/www.misssantacatarinaoficial.com.br\/portal\/patrocinadores-2013\/28-2\/'><img loading=\"lazy\" decoding=\"async\" width=\"135\" height=\"135\" src=\"https:\/\/www.misssantacatarinaoficial.com.br\/portal\/wp-content\/uploads\/281.png\" class=\"attachment-thumbnail size-thumbnail\" alt=\"\" \/><\/a>\n\t\t\t<\/div><\/figure><figure class='gallery-item'>\n\t\t\t<div class='gallery-icon landscape'>\n\t\t\t\t<a href='https:\/\/www.misssantacatarinaoficial.com.br\/portal\/patrocinadores-2013\/attachment\/13\/'><img loading=\"lazy\" decoding=\"async\" width=\"135\" height=\"135\" src=\"https:\/\/www.misssantacatarinaoficial.com.br\/portal\/wp-content\/uploads\/13.png\" class=\"attachment-thumbnail size-thumbnail\" alt=\"\" \/><\/a>\n\t\t\t<\/div><\/figure><figure class='gallery-item'>\n\t\t\t<div class='gallery-icon landscape'>\n\t\t\t\t<a href='https:\/\/www.misssantacatarinaoficial.com.br\/portal\/patrocinadores-2013\/attachment\/17\/'><img loading=\"lazy\" decoding=\"async\" width=\"135\" height=\"135\" src=\"https:\/\/www.misssantacatarinaoficial.com.br\/portal\/wp-content\/uploads\/17.png\" class=\"attachment-thumbnail size-thumbnail\" alt=\"\" \/><\/a>\n\t\t\t<\/div><\/figure><figure class='gallery-item'>\n\t\t\t<div class='gallery-icon landscape'>\n\t\t\t\t<a href='https:\/\/www.misssantacatarinaoficial.com.br\/portal\/patrocinadores-2013\/attachment\/10\/'><img loading=\"lazy\" decoding=\"async\" width=\"135\" height=\"135\" src=\"https:\/\/www.misssantacatarinaoficial.com.br\/portal\/wp-content\/uploads\/10.png\" class=\"attachment-thumbnail size-thumbnail\" alt=\"\" \/><\/a>\n\t\t\t<\/div><\/figure><figure class='gallery-item'>\n\t\t\t<div class='gallery-icon landscape'>\n\t\t\t\t<a href='https:\/\/www.misssantacatarinaoficial.com.br\/portal\/patrocinadores-2013\/attachment\/19\/'><img loading=\"lazy\" decoding=\"async\" width=\"135\" height=\"135\" src=\"https:\/\/www.misssantacatarinaoficial.com.br\/portal\/wp-content\/uploads\/19.png\" class=\"attachment-thumbnail size-thumbnail\" alt=\"\" \/><\/a>\n\t\t\t<\/div><\/figure><figure class='gallery-item'>\n\t\t\t<div class='gallery-icon landscape'>\n\t\t\t\t<a href='https:\/\/www.misssantacatarinaoficial.com.br\/portal\/patrocinadores-2013\/attachment\/18\/'><img loading=\"lazy\" decoding=\"async\" width=\"135\" height=\"135\" src=\"https:\/\/www.misssantacatarinaoficial.com.br\/portal\/wp-content\/uploads\/18.png\" class=\"attachment-thumbnail size-thumbnail\" alt=\"\" \/><\/a>\n\t\t\t<\/div><\/figure><figure class='gallery-item'>\n\t\t\t<div class='gallery-icon landscape'>\n\t\t\t\t<a href='https:\/\/www.misssantacatarinaoficial.com.br\/portal\/patrocinadores-2013\/attachment\/29\/'><img loading=\"lazy\" decoding=\"async\" width=\"135\" height=\"135\" src=\"https:\/\/www.misssantacatarinaoficial.com.br\/portal\/wp-content\/uploads\/29.png\" class=\"attachment-thumbnail size-thumbnail\" alt=\"\" \/><\/a>\n\t\t\t<\/div><\/figure><figure class='gallery-item'>\n\t\t\t<div class='gallery-icon landscape'>\n\t\t\t\t<a href='https:\/\/www.misssantacatarinaoficial.com.br\/portal\/patrocinadores-2013\/attachment\/09\/'><img loading=\"lazy\" decoding=\"async\" width=\"135\" height=\"135\" src=\"https:\/\/www.misssantacatarinaoficial.com.br\/portal\/wp-content\/uploads\/09.png\" class=\"attachment-thumbnail size-thumbnail\" alt=\"\" \/><\/a>\n\t\t\t<\/div><\/figure><figure class='gallery-item'>\n\t\t\t<div class='gallery-icon landscape'>\n\t\t\t\t<a href='https:\/\/www.misssantacatarinaoficial.com.br\/portal\/patrocinadores-2013\/attachment\/12\/'><img loading=\"lazy\" decoding=\"async\" width=\"135\" height=\"135\" src=\"https:\/\/www.misssantacatarinaoficial.com.br\/portal\/wp-content\/uploads\/12.png\" class=\"attachment-thumbnail size-thumbnail\" alt=\"\" \/><\/a>\n\t\t\t<\/div><\/figure><figure class='gallery-item'>\n\t\t\t<div class='gallery-icon landscape'>\n\t\t\t\t<a href='https:\/\/www.misssantacatarinaoficial.com.br\/portal\/patrocinadores-2013\/39-2\/'><img loading=\"lazy\" decoding=\"async\" width=\"135\" height=\"135\" src=\"https:\/\/www.misssantacatarinaoficial.com.br\/portal\/wp-content\/uploads\/39.png\" class=\"attachment-thumbnail size-thumbnail\" alt=\"\" \/><\/a>\n\t\t\t<\/div><\/figure><figure class='gallery-item'>\n\t\t\t<div class='gallery-icon landscape'>\n\t\t\t\t<a href='https:\/\/www.misssantacatarinaoficial.com.br\/portal\/patrocinadores-2013\/attachment\/31\/'><img loading=\"lazy\" decoding=\"async\" width=\"135\" height=\"135\" src=\"https:\/\/www.misssantacatarinaoficial.com.br\/portal\/wp-content\/uploads\/31.png\" class=\"attachment-thumbnail size-thumbnail\" alt=\"\" \/><\/a>\n\t\t\t<\/div><\/figure><figure class='gallery-item'>\n\t\t\t<div class='gallery-icon landscape'>\n\t\t\t\t<a href='https:\/\/www.misssantacatarinaoficial.com.br\/portal\/patrocinadores-2013\/attachment\/34\/'><img loading=\"lazy\" decoding=\"async\" width=\"135\" height=\"135\" src=\"https:\/\/www.misssantacatarinaoficial.com.br\/portal\/wp-content\/uploads\/34.png\" class=\"attachment-thumbnail size-thumbnail\" alt=\"\" \/><\/a>\n\t\t\t<\/div><\/figure><figure class='gallery-item'>\n\t\t\t<div class='gallery-icon landscape'>\n\t\t\t\t<a href='https:\/\/www.misssantacatarinaoficial.com.br\/portal\/patrocinadores-2013\/attachment\/24\/'><img loading=\"lazy\" decoding=\"async\" width=\"135\" height=\"135\" src=\"https:\/\/www.misssantacatarinaoficial.com.br\/portal\/wp-content\/uploads\/24.png\" class=\"attachment-thumbnail size-thumbnail\" alt=\"\" \/><\/a>\n\t\t\t<\/div><\/figure><figure class='gallery-item'>\n\t\t\t<div class='gallery-icon landscape'>\n\t\t\t\t<a href='https:\/\/www.misssantacatarinaoficial.com.br\/portal\/patrocinadores-2013\/attachment\/37\/'><img loading=\"lazy\" decoding=\"async\" width=\"135\" height=\"135\" src=\"https:\/\/www.misssantacatarinaoficial.com.br\/portal\/wp-content\/uploads\/37.png\" class=\"attachment-thumbnail size-thumbnail\" alt=\"\" \/><\/a>\n\t\t\t<\/div><\/figure><figure class='gallery-item'>\n\t\t\t<div class='gallery-icon landscape'>\n\t\t\t\t<a href='https:\/\/www.misssantacatarinaoficial.com.br\/portal\/patrocinadores-2013\/attachment\/35\/'><img loading=\"lazy\" decoding=\"async\" width=\"135\" height=\"135\" src=\"https:\/\/www.misssantacatarinaoficial.com.br\/portal\/wp-content\/uploads\/35.png\" class=\"attachment-thumbnail size-thumbnail\" alt=\"\" \/><\/a>\n\t\t\t<\/div><\/figure><figure class='gallery-item'>\n\t\t\t<div class='gallery-icon landscape'>\n\t\t\t\t<a href='https:\/\/www.misssantacatarinaoficial.com.br\/portal\/patrocinadores-2013\/attachment\/36\/'><img loading=\"lazy\" decoding=\"async\" width=\"135\" height=\"135\" src=\"https:\/\/www.misssantacatarinaoficial.com.br\/portal\/wp-content\/uploads\/36.png\" class=\"attachment-thumbnail size-thumbnail\" alt=\"\" \/><\/a>\n\t\t\t<\/div><\/figure>\n\t\t<\/div>\n<br \/>\n[top \/]<\/p>\n","protected":false},"excerpt":{"rendered":"<p>Patrocinadores &amp; Apoiadores CONHE\u00c7A OS PATROCINADORES E APOIADORES DA EDI\u00c7\u00c3O 2013 DA MISS UNIVERSO SANTA<\/p>\n","protected":false},"author":1,"featured_media":0,"parent":0,"menu_order":0,"comment_status":"closed","ping_status":"open","template":"","meta":{"footnotes":""},"class_list":["post-31","page","type-page","status-publish","hentry"],"_links":{"self":[{"href":"https:\/\/www.misssantacatarinaoficial.com.br\/portal\/wp-json\/wp\/v2\/pages\/31","targetHints":{"allow":["GET"]}}],"collection":[{"href":"https:\/\/www.misssantacatarinaoficial.com.br\/portal\/wp-json\/wp\/v2\/pages"}],"about":[{"href":"https:\/\/www.misssantacatarinaoficial.com.br\/portal\/wp-json\/wp\/v2\/types\/page"}],"author":[{"embeddable":true,"href":"https:\/\/www.misssantacatarinaoficial.com.br\/portal\/wp-json\/wp\/v2\/users\/1"}],"replies":[{"embeddable":true,"href":"https:\/\/www.misssantacatarinaoficial.com.br\/portal\/wp-json\/wp\/v2\/comments?post=31"}],"version-history":[{"count":23,"href":"https:\/\/www.misssantacatarinaoficial.com.br\/portal\/wp-json\/wp\/v2\/pages\/31\/revisions"}],"predecessor-version":[{"id":11369,"href":"https:\/\/www.misssantacatarinaoficial.com.br\/portal\/wp-json\/wp\/v2\/pages\/31\/revisions\/11369"}],"wp:attachment":[{"href":"https:\/\/www.misssantacatarinaoficial.com.br\/portal\/wp-json\/wp\/v2\/media?parent=31"}],"curies":[{"name":"wp","href":"https:\/\/api.w.org\/{rel}","templated":true}]}}